171.
21
What is the highest common divisor of 271856 and 14976?
208
What is the greatest common factor of 22 and 341201894?
22
Calculate the highest common factor of 1 and 267596.
1
Calculate the highest common factor of 147517957 and 2527.
361
Calculate the greatest common factor of 425912168 and 40.
8
Calculate the highest common divisor of 4386 and 2670816.
258
What is the highest common factor of 12179 and 262169?
641
What is the greatest common factor of 26320 and 18725?
35
What is the greatest common factor of 13530672 and 1728?
432
Calculate the highest common divisor of 2294275 and 625.
25
What is the highest common factor of 902622 and 77?
7
Calculate the highest common divisor of 161400075 and 75.
75
What is the highest common factor of 11766940 and 460?
20
Calculate the greatest common divisor of 11 and 136161905.
11
Calculate the highest common factor of 5504 and 209549664.
1376
Calculate the highest common factor of 77260 and 66340.
20
What is the highest common divisor of 138655872 and 333?
333
Calculate the highest common divisor of 289494 and 5886.
54
Calculate the highest common divisor of 5206322 and 737.
11
Calculate the greatest common factor of 72285 and 7230.
15
Calculate the highest common divisor of 12313 and 3773.
7
What is the greatest common divisor of 2864394 and 24414?
78
What is the highest common divisor of 56 and 28927556?
28
Calculate the greatest common factor of 791322 and 40670.
1162
What is the greatest common factor of 363448499 and 89?
89
What is the greatest common divisor of 162 and 50277753?
81
What is the highest common divisor of 23 and 88726801?
23
Calculate the highest common factor of 2202 and 6628387.
367
Calculate the highest common factor of 110 and 1881517.
11
What is the greatest common factor of 51900143 and 1474?
67
Calculate the highest common factor of 221 and 19649318.
13
Calculate the greatest common factor of 5278 and 277004.
182
What is the greatest common factor of 30 and 7227195?
15
Calculate the greatest common factor of 4867899 and 36363.
1581
Calculate the highest common factor of 3762 and 214500.
66
What is the highest common divisor of 487 and 145044671?
487
What is the greatest common divisor of 40606335 and 3465?
3465
What is the greatest common factor of 24816544 and 32?
32
Calculate the highest common factor of 3693450 and 300.
150
Calculate the greatest common divisor of 257716732 and 104.
52
Calculate the highest common factor of 56943 and 3753.
27
What is the highest common factor of 64 and 2005248?
64
What is the highest common divisor of 1414246 and 1159?
19
What is the highest common factor of 27845433 and 99?
99
Calculate the greatest common divisor of 24804 and 17706.
78
What is the highest common divisor of 5728 and 1166722?
358
Calculate the greatest common divisor of 5586 and 91750638.
294
Calculate the greatest common factor of 16650816 and 8320.
832
Calculate the greatest common divisor of 14343136 and 2996.
428
What is the highest common divisor of 3054964887 and 117?
117
What is the greatest common divisor of 238933247 and 68373?
7597
Calculate the highest common factor of 1899 and 235104429.
633
Calculate the highest common factor of 12216 and 10632.
24
What is the greatest common divisor of 176 and 108175232?
176
What is the greatest common factor of 26541 and 5720652?
27
Calculate the greatest common divisor of 466710 and 19410.
30
What is the greatest common factor of 930380 and 11740?
20
What is the greatest common factor of 464 and 791033?
29
Calculate the highest common divisor of 844800 and 2.
2
What is the highest common factor of 117906 and 5251387?
457
What is the greatest common factor of 479 and 39640603?
479
What is the greatest common factor of 3530 and 333170?
10
What is the highest common divisor of 89726 and 807911?
377
Calculate the greatest common factor of 11706 and 41207071.
1951
What is the greatest common divisor of 300 and 53710350?
150
Calculate the highest common divisor of 215730380 and 40.
20
Calculate the greatest common divisor of 33585829 and 1486.
743
What is the highest common divisor of 10467 and 936?
9
Calculate the highest common divisor of 1964585 and 280.
35
Calculate the highest common divisor of 18 and 141859521.
9
Calculate the greatest common factor of 65730434 and 231.
77
Calculate the greatest common factor of 688772 and 544.
68
Calculate the highest common factor of 6830499 and 15.
3
What is the greatest common divisor of 2892516 and 351560?
748
What is the greatest common divisor of 9990 and 135412230?
1110
Calculate the greatest common divisor of 52 and 2672189.
13
What is the highest common factor of 3182632 and 104?
8
What is the greatest common factor of 2196270 and 10200?
30
Calculate the greatest common divisor of 4105 and 1757773315.
4105
What is the highest common factor of 92702000 and 20?
20
Calculate the highest common divisor of 116 and 20836.
4
Calculate the greatest common divisor of 13 and 453025.
1
What is the greatest common divisor of 3115 and 17638910?
445
Calculate the highest common factor of 19508776 and 488.
488
What is the highest common factor of 2814 and 15339471?
21
What is the highest common divisor of 66 and 8335?
1
Calculate the greatest common divisor of 34056 and 17989609.
473
What is the highest common divisor of 17000914 and 1897?
1897
Calculate the highest common divisor of 16705926 and 810.
162
What is the highest common factor of 13938 and 358248?
138
What is the highest common divisor of 6600 and 136576?
88
What is the highest common factor of 18357222 and 246?
6
Calculate the highest common divisor of 3698 and 461347.
43
Calculate the greatest common divisor of 22 and 445323.
1
What is the greatest common divisor of 7589662 and 1258?
74
What is the greatest common factor of 505916 and 69836?
316
What is the greatest common divisor of 214285 and 92905?
85
Calculate the highest common divisor of 13804 and 14077644.
812
Calculate the highest common divisor of 1807291 and 1175.
47
Calculate the greatest common factor of 18438 and 48342.
42
What is the greatest common factor of 40982 and 107082?
1322
What is the highest common divisor of 1915149123 and 54?
27
What is the greatest common factor of 8605 and 383165161?
1721
What is the greatest common factor of 1473 and 6405?
3
Calculate the highest common divisor of 1256 and 398261900.
628
Calculate the greatest common divisor of 87688 and 126334.
226
What is the highest common divisor of 85 and 19826063?
17
What is the greatest common divisor of 4743906 and 6?
6
What is the greatest common divisor of 72 and 165276240?
24
Calculate the greatest common divisor of 280146 and 2.
2
What is the highest common divisor of 1239 and 1033399101?
1239
Calculate the greatest common factor of 147 and 234082016.
49
Calculate the highest common divisor of 391955 and 12465.
1385
Calculate the greatest common factor of 1375232 and 7232.
64
What is the highest common divisor of 34 and 32847?
1
Calculate the greatest common divisor of 58520924 and 968.
484
What is the greatest common factor of 627952642 and 1174?
1174
Calculate the greatest common factor of 580450130 and 79.
79
What is the greatest common divisor of 206 and 1269497351?
103
What is the highest common divisor of 158 and 70081927?
79
Calculate the highest common factor of 59510 and 25740.
110
Calculate the highest common divisor of 8947779 and 21.
3
Calculate the greatest common divisor of 42693836 and 228.
76
Calculate the greatest common factor of 40161442 and 26722.
862
Calculate the highest common factor of 216432 and 130668816.
8016
What is the highest common factor of 17944 and 37280?
8
What is the greatest common divisor of 2305 and 297110351?
461
What is the greatest common divisor of 704540486 and 79?
79
What is the greatest common divisor of 130 and 446445155?
65
What is the highest common factor of 125 and 2482310?
5
Calculate the greatest common divisor of 92180 and 292600.
220
Calculate the greatest common divisor of 60 and 312927.
3
What is the highest common divisor of 724090 and 3895?
95
Calculate the highest common divisor of 674271 and 24597.
27
Calculate the greatest common factor of 98 and 2077355.
49
Calculate the greatest common divisor of 3814 and 122587681.
